/(4/(-6)) is divided by w?
0
Suppose 0 = -4*v - 4*u + 516, -379 = -3*v + 16*u - 11*u. Calculate the remainder when 250 is divided by v.
122
Let y(j) = j**3 - 35*j**2 - 2*j + 76. What is the remainder when 63 is divided by y(35)?
3
Let g(y) = 11*y**2 - 3*y - 2. What is the remainder when 838 is divided by g(-1)?
10
Suppose 0 = 36*n - 54 - 18. Calculate the remainder when 14 is divided by n.
0
Suppose 0 = -5394*u + 5404*u - 1470. Calculate the remainder when u is divided by 33.
15
Let r(k) = 5*k - 4. Let t = -10 - -17. Suppose -t = 2*q - 25. What is the remainder when r(6) is divided by q?
8
Suppose -k - k + 2*y = 4, 2*y - 10 = -k. Suppose -3*z + 0*z + 57 = 0. Let c = z + k. What is the remainder when c is divided by 11?
10
Suppose w + 2*n - 80 = 8, -n = -5*w + 495. What is the remainder when w is divided by 25?
23
Suppose 4*p = 2*t - 10 - 6, -3*t + 16 = -2*p. Calculate the remainder when 52 is divided by (-5 + (-2)/p)*-2.
4
Let s be (1 + 0)/(9/(-531)). Let k = 93 + s. What is the remainder when 133 is divided by k?
31
Suppose 4*v = j + 108, 4*j + 66 = 3*v - 15. Calculate the remainder when 188 is divided by v.
26
Let l = -34 + 48. Suppose -5*b + 21 + l = 0. Suppose 5*o = 13 + 7. Calculate the remainder when b is divided by o.
3
Let y(n) = n**3 + 9*n + 8. What is the remainder when 34 is divided by y(0)?
2
Let u be (3 - 2)*1 + (1 - 9). Suppose -4*s + 9 = 93. Let p = u - s. Calculate the remainder when 27 is divided by p.
13
Suppose g - 29 = 4*y + 37, 3*y + 3*g + 57 = 0. Let r = 19 + y. Suppose r*n - 2*u = 29 + 21, 3*n + 3*u = 81. What is the remainder when n is divided by 7?
5
Suppose -252 = 7*k - 539. Calculate the remainder when k is divided by 30.
11
Suppose -8347 - 7403 = -42*t. What is the remainder when t is divided by 128?
119
Let u(f) = -3*f - 1. Let v be u(-4). Let d = -8 + v. Suppose 0 = 5*o + 15, d = m - 2*m - 5*o. Calculate the remainder when m is divided by 7.
5
Let t(p) = -p + 21. Suppose 10 = f + 5. Let m(o) = o - 43. Let x(a) = f*t(a) + 2*m(a). Calculate the remainder when x(0) is divided by 7.
5
Let v(q) = 2*q**2 + 11*q - 8. Let f be 23 + 0/(-1 - -5). Suppose -4*j - f - 5 = 0. What is the remainder when 25 is divided by v(j)?
12
Suppose -2*v + 275 = -v. Suppose 185 = 2*c - y, 2*c + 102 = -3*y + v. Let a = c + -34. Calculate the remainder when a is divided by 10.
7
Suppose -2*f = -3*y - 42, 42 = 5*f - y - 63. Let t = -505 - -511. Calculate the remainder when f is divided by t.
3
Let g = 89 + -48. Let l = g + -13. What is the remainder when 75 is divided by -3 - (1 + l)*-1?
23
Suppose 2*t + 2*p - 555 = 6085, 4*p = -3*t + 9963. What is the remainder when t is divided by 20?
17
Let p(u) be the second derivative of -u**3/6 + 7*u**2/2 - 19*u. Calculate the remainder when p(-5) is divided by 7.
5
Let c = -26 - 87. Let o = -111 - c. What is the remainder when o is divided by 2?
0
Let n(y) = -8*y**3 + 3*y**2 - y - 4. Suppose 2*a - 6 = 3*s + 9, -2*a = -4*s - 10. What is the remainder when a is divided by n(-1)?
7
Suppose 2*g = -2*a + 192, 0*g = 2*g - a - 207. What is the remainder when g is divided by 21?
17
Let p be (-4)/(-10) + 994/(-10). Let w = p - -165. Suppose 19*u - 22*u = -51. What is the remainder when w is divided by u?
15
Suppose 5*q - 33 = 3*z, 3*q = -2*z - 1 + 17. Let g = 38 + -34. Suppose -g*i - 40 = -80. What is the remainder when i is divided by q?
4
Suppose -3*u + 68*h - 73*h = -117, -2*u + 103 = -5*h. What is the remainder when 57 is divided by u?
13
Let o = -28 + 184. What is the remainder when o is divided by ((-53)/(-12)*3)/(14/56)?
50
Suppose 3*v - v + 93 = 3*i, -4*v = -3*i + 87. Let m = -2001 + 2132. Calculate the remainder when m is divided by i.
32
Let j be 630/(-25)*(-7)/((-42)/(-20)). Let y = -78 + j. Calculate the remainder when (-94)/(-6) + 4/(-6) is divided by y.
3
Let b(f) = 4*f - 3. Let g be b(2). Suppose -488 = -2*t - 5*c, 320 = t + g*c + 66. Suppose -4*m - 30 = -t. Calculate the remainder when m is divided by 18.
15
What is the remainder when (-25 - 348/(-18))*(-5 - 1) is divided by ((-18)/8)/((-1)/4)?
7
Let b = -95 + 89. Calculate the remainder when 14 is divided by ((-27)/b)/((-3)/(-4)).
2
Let h = 83 + -6. Let j = h - 55. Calculate the remainder when j is divided by 12.
10
What is the remainder when 25 is divided by (-14 - (-9 - -9))*(-1 - 0)?
11
Suppose 5*c - 53 = 52. Calculate the remainder when 72 is divided by c.
9
Let r = 296 - 294. Calculate the remainder when 39 is divided by r.
1
Suppose -4*q - 130 = -5*k, -120 = -5*k - 18*q + 20*q. What is the remainder when 81 is divided by k?
15
Let d be ((-14)/(-3))/((-2)/(-9)) + -3. Suppose -b + 0 = -d. Calculate the remainder when 71 is divided by b.
17
Suppose 57*t - 61*t = -156. Calculate the remainder when 310 is divided by t.
37
Let m = -50 - -32. Let h(v) = -2*v - 23. Let r be h(7). Let j = m - r. What is the remainder when 74 is divided by j?
17
Suppose -k = -5*k + 12. Suppose 5*j + 9 = -f, 4*f + j = k*j + 8. Suppose -4 = -g - 4*y + y, g + f = -4*y. What is the remainder when g is divided by 10?
9
What is the remainder when (-3)/9 - 386/(-6) is divided by 8/2*(10659/(-76))/(-17)?
31
Let k(g) = -296*g + 35. Calculate the remainder when k(-7) is divided by 34.
33
Let n(c) = -c**3 + 45*c**2 - 44*c + 145. What is the remainder when n(44) is divided by 145?
0
Let i(d) = 2*d**2 + 5*d + 7. Calculate the remainder when 2/(-8) - 418/(-8) is divided by i(-4).
14
Let j(l) = -l**2 + 8*l - 6. Suppose -4*t = 106 - 150. What is the remainder when t is divided by j(6)?
5
Let u(o) be the third derivative of o**6/120 + 11*o**5/30 - 25*o**4/24 + 19*o**3/6 - 5*o**2. Calculate the remainder when u(-23) is divided by 17.
14
What is the remainder when -3 + (-145)/(-45) + (-1861)/(-9) is divided by (-156)/(-3) + (-1)/(-1)?
48
Let x = 7 - 2. Suppose 0 = -x*z - h + 471, -7 = 4*h + 9. Calculate the remainder when z is divided by 203/(-42) + 5 - 286/(-12).
23
Let m = 637 - 594. What is the remainder when 142 is divided by m?
13
Let f(r) = 14*r + 7. Let x be f(-3). Suppose 4*m + 0 - 8 = -t, -t + 11 = 5*m. Calculate the remainder when (154/x)/((-4)/10) is divided by m.
2
Let q be 1 + 1 - 3/(-1). Suppose -2*n = -n - q. Calculate the remainder when (-2)/7 - 754/(-91) is divided by n.
3
Let x(g) = 20*g**2 + 3*g + 3. Suppose -1 = w - 0. Calculate the remainder when x(w) is divided by 13.
7
Suppose 7*h - 57*h + 750 = 0. Suppose 3*v - 112 = -2*p, -p - 2*v + 3 = -54. What is the remainder when p is divided by h?
8
Let d = 31 + -46. What is the remainder when (-140)/d*(-54)/(-7) is divided by 25?
22
Suppose 5*d = 2*f - 41, -2*f - 2*d + 20 = -0*f. Let z(r) = -r**3 - 3*r**2 - 3*r - 3. Calculate the remainder when z(-5) is divided by f.
10
Let j(s) be the second derivative of -s**3/3 - 3*s**2/2 - 5*s. Let y be j(9). Let d = y + 43. Calculate the remainder when d is divided by 5.
2
Let d(q) = 4*q**2 - 14*q + 25. Calculate the remainder when d(7) is divided by 52.
19
Let w = -677 - -805. What is the remainder when w is divided by 11?
7
Let w be 0/(-1 - (-6)/3). Let r = 4 + w. Suppose -6 + 1 = -j. Calculate the remainder when j is divided by r.
1
Let z(m) = -58*m + 111. What is the remainder when z(-10) is divided by 11?
9
Let y(l) = -10*l + 140. What is the remainder when 127 is divided by y(13)?
7
Let n = -30 + 18. What is the remainder when (-5)/(6/24 - (-9)/n) is divided by 2?
0
Let t = 52 + 84. Suppose 3*x - 146 = -l - l, 3*x - 118 = 5*l. What is the remainder when t is divided by x?
44
Suppose -5*t = -133 + 8. What is the remainder when t is divided by (-4 + 0 + -3)/(17 - 18)?
4
Suppose y - 24 = -5*f, 5*y - 2*f - 28 = 11. Suppose 2*j - 4*j + 40 = 0. What is the remainder when j is divided by y?
2
Let d(f) = -f**2 + 5*f - 1. What is the remainder when (-3)/(4*(-18)/408) is divided by d(2)?
2
Let s(u) = 5*u - 8. Suppose -56 = -t - 2*i, t = 5*i + 20 + 50. Calculate the remainder when t is divided by s(6).
16
Let f(j) = -3*j**2 - 35*j + 173. Let v = 6 + -4. Suppose 0 = a, -2*n - v*a = -a - 18. Calculate the remainder when f(-15) is divided by n.
5
Let y = 123 - 85. Let z(p) = -3*p**3 - 15*p**2 - 2*p - 10. Calculate the remainder when z(-6) is divided by y.
34
Suppose -5*m = -5*o - 2*m + 566, 8 = -4*m. Suppose -67 = -2*g + 3*k, -k - o = -3*g - 1. Calculate the remainder when g is divided